 and d.
28
Let m be (-6)/24 + (-2594)/(-8). Suppose t - 30 = -2*g + 242, 0 = g - 4*t - 118. Let p = 170 - g. Calculate the greatest common factor of m and p.
36
Let v(k) = k**3 - 18*k**2 + 24*k - 10. Let m be v(11). Let o = m + 935. Let u be 113/3 + (-2)/(-6). Calculate the greatest common factor of o and u.
38
Let m = -573 - -597. Calculate the greatest common factor of m and 4344.
24
Let x(k) = 135*k + 2478. Let z be x(-18). What is the highest common factor of 1236 and z?
12
Let q be 2 - (0 - 380 - 3). Suppose 0 = -6*i + 2*i + 3*y + 311, 0 = -5*i + 5*y + q. What is the highest common divisor of 30 and i?
10
Let z be 674/(-3707) - (-27029)/(-11)*-1. What is the greatest common divisor of 39 and z?
39
Suppose 275 = 2*y + 3*q, 20*q = -4*y + 23*q + 505. Calculate the highest common factor of y and 40.
10
Let r = -3681 - -3941. What is the highest common divisor of r and 390?
130
Suppose 8*d + 0*d + 10974 = 70*d. Let o = 988 + -516. Calculate the greatest common divisor of d and o.
59
Suppose -7*l + 2*l + 125 = 0. Suppose 8*k - 242 = -234*k. What is the greatest common divisor of k and l?
1
Let b = 44607 - 38730. Calculate the greatest common factor of b and 18.
9
Let f(y) = 81*y + 78. Suppose -4*r = 4*k + 12, k - 5*r = -9*r - 18. Let c be f(k). What is the highest common factor of 24 and c?
24
Suppose -36*k = -131*k - 142*k + 3102804. What is the highest common divisor of 36 and k?
12
Let t be (-1)/(-21) + 0 + 290157/441. Calculate the greatest common factor of 14 and t.
14
Suppose 11*s - 768 = 14*s + 3*t, 3*s - 4*t + 761 = 0. Let i be 30/(-20) - s/2. Calculate the greatest common divisor of i and 56.
14
Let l = 21 - 19. Let w(t) be the second derivative of 13*t**3/6 - 11*t**2/2 + 9*t. Let g be w(l). What is the highest common factor of 120 and g?
15
Suppose 5*h + f = 49 - 5, -2*h = -5*f + 4. Suppose 2*z + 4 = -10. Let l = z + h. Calculate the highest common divisor of 9 and l.
1
Let x(o) = -o**2 - 2*o + 60. Let g be x(-4). Calculate the highest common factor of g and 12.
4
Suppose -540 = -22*y + 2540. Calculate the greatest common divisor of 245 and y.
35
Let x = 67493 - 39309. Let y be x/247 - (-2)/(-19). Calculate the highest common divisor of y and 6.
6
Let a(q) = q**2 + 3*q - 2. Let z be a(-7). Suppose -p = 4*p + t - 158, p + 3*t = z. Let f = -14 - -22. Calculate the highest common divisor of p and f.
8
Let r be 4/(-10) + (-124)/(-10). Let o be 8/24 + (-4)/3. Let s be 1 - -3 - 92*o. What is the greatest common factor of s and r?
12
Suppose 5*i - 638 = 807. Let a = -1595 - -1629. What is the highest common divisor of a and i?
17
Let l be ((-105)/(-20))/((-27)/(-11982)) + (-85)/102. Calculate the greatest common factor of l and 68.
17
Let d be (-13800)/35*(-6)/((-24)/(-28)). Calculate the highest common factor of 18 and d.
6
Let o(m) = -5*m**3 - 2*m**2 - 3*m - 2. Let r be o(-1). Suppose r*i - 192 = -4*i. Calculate the greatest common factor of i and 72.
24
Let r(g) be the third derivative of g**4/8 - 264*g**2. Let q be r(7). What is the greatest common divisor of 119 and q?
7
Suppose 2*w + 15 = 5*w. Suppose -5*r - w*a = 60, -25 = 2*a + 3*a. Let u(o) = -3*o - 16. Let b be u(r). What is the greatest common factor of b and 55?
5
Let i(o) = o**2 - 5*o + 9. Suppose -q + 21 = -12*c + 8*c, 2*c = 4*q - 42. Let b be i(q). What is the highest common divisor of b and 720?
45
Let f = -7630 - -7654. Let s be 24/(7/2 + -2). Calculate the greatest common factor of f and s.
8
Suppose -2140 = -4*t + 5*h, 5*t - 346 - 2329 = -h. What is the highest common divisor of 214 and t?
107
Let s = -1194 - -1306. Calculate the greatest common divisor of 720 and s.
16
Let z be 140 + (4 + -2)*2. Let o = -141 + z. Suppose -o*n + 5*t = -5*n + 431, n - t - 205 = 0. What is the highest common divisor of 26 and n?
26
Let w be 819/119 - (-14)/119. Suppose -w*f = -34*f + 54. Calculate the greatest common divisor of 2 and f.
2
Suppose m + 6261 = l, -5*m + 2485 + 9988 = 2*l. What is the greatest common factor of l and 212?
106
Let y(v) = -8*v**3 - 6*v**2 - 13*v - 43. Let o be y(-6). Calculate the greatest common factor of 455 and o.
91
Let z(i) = 10*i**2 + 5*i - 9. Let n be z(-3). Suppose -5*q + 14 = -11. Suppose -q*g + 35 + 460 = 0. What is the greatest common factor of g and n?
33
Suppose -2*p = -988 + 152. Suppose p = 4*t + 114. Let u = t - -32. Calculate the greatest common divisor of 12 and u.
12
Let h(s) = -5*s + 19. Let n be h(-6). Let g = -40 - -35. Let f = n + g. Calculate the highest common factor of 352 and f.
44
Suppose 236*s - 234*s - 13 = -t, -3*t + 27 = 2*s. Let p = 1 + 1. Let d = 7 + p. What is the greatest common factor of d and s?
3
Suppose 0 = -5*c - 50 + 150. Let x = 3864 + -3860. Calculate the greatest common factor of x and c.
4
Let r(l) = -16*l - 5. Let a be r(-1). Suppose -t = 2*j - 17, -3 = 3*j - 2*t - a. Suppose j = 7*o - 4*o. What is the greatest common divisor of o and 16?
2
Suppose -7*m = 3*w - 12*m - 249, 5*w + 2*m = 384. Suppose -w*b + 58*b + 7140 = 0. Calculate the greatest common factor of 102 and b.
51
Let u(m) = 51*m - 6. Let k(v) = 0 + 3*v - 3*v - v + 12. Let z be k(10). Let b be u(z). What is the greatest common factor of b and 24?
24
Let s be (-20 + 654 + -7)/1. What is the highest common factor of s and 264?
33
Let s(k) = -43*k + 132. Let r be s(3). Suppose -6 = 5*z - 41. Calculate the greatest common factor of z and r.
1
Let k(u) = u**3 + 19*u**2 + 18*u - 3. Let q be k(-18). Let h be 13 + 0 + q - 3. Suppose -b - 60 = -h*b. Calculate the highest common factor of 80 and b.
10
Let w be (-8)/(-10) + ((-4664)/(-14))/((-2450)/(-1715)). Calculate the greatest common divisor of w and 426.
6
Suppose 2*i = -3*i - 4*z + 96, 3*z + 43 = 2*i. Suppose 0 = 3*a - 5*a - i. Let u = a - -12. Calculate the highest common divisor of u and 10.
2
Suppose -16955 + 330 = -35*p. Let x = 23 + -4. What is the greatest common factor of x and p?
19
Let n = -57 + 108. Suppose 18*i + 5*i - 2210 = -3*i. Calculate the greatest common factor of n and i.
17
Let d be 550*((-559)/26 - -25). Calculate the highest common divisor of d and 25.
25
Let o = -113 + 113. Let d be (16 + o)/(-4) - -248. Let h = d - 134. Calculate the highest common divisor of h and 44.
22
Let r(i) = 160*i - 1381. Let u be r(36). What is the highest common factor of u and 151?
151
Let i be (-12)/(-9) + -2 - (-22)/6. Let r be (759/6)/((-3)/(-18)*i). Suppose 2*m + 10 = 2, 0 = -5*g + 2*m + 123. What is the greatest common factor of g and r?
23
Suppose 0 = -k - 1 - 3. Let v be (-84)/1*(-5 - k) - 2. Let r = v - 78. What is the highest common factor of r and 1?
1
Suppose 0 = 251*k - 232*k - 44156. What is the greatest common factor of k and 28?
28
Let u be 136/3 - 62/(-93). Suppose -v = -4*j - 6, 2*v - u*j = -41*j + 21. Suppose 3*o - 49 = -13. Calculate the highest common factor of o and v.
6
Suppose 15*h - 35351 + 4151 = 0. Calculate the greatest common divisor of h and 800.
160
Suppose -2327*b + 690 = -2304*b. What is the greatest common divisor of b and 1490?
10
Let j = -8862 - -8868. What is the greatest common factor of 7056 and j?
6
Let t be -5*((-24)/15 + -4). Let f(m) = m**3 + 8*m**2 + 6*m - 8. Let p be f(-6). Calculate the greatest common divisor of t and p.
28
Suppose 0 = -4*o + 50 - 18. Let m = -15 - -17. Let y be (-50)/15*(-12)/m. What is the greatest common factor of y and o?
4
Let o be -8 - ((-16)/(-4) + -8). Let b(d) = 8*d**2 + 8*d + 8. Let t be b(o). Suppose 27 = 4*r - 25. Calculate the greatest common factor of r and t.
13
Let j be 824/(-309)*(-1 + (-69)/12). Calculate the greatest common factor of 1665 and j.
9
Let b(y) = -52*y**2 + 888*y - 20. Let r be b(15). What is the greatest common factor of 35 and r?
5
Suppose -4*g + 0*g = 0, 0 = 3*h + 3*g - 2283. Suppose h = 11*n - 823. Calculate the greatest common factor of 24 and n.
24
Suppose 2*u = -7 + 11. Let l = -2 + u. Let o = 14 - l. What is the greatest common factor of 42 and o?
14
Suppose 2*q + 4*u - 16 = 0, 4*q - 4*u + 5*u = 18. Suppose q*t + 612 = 10*t. Calculate the highest common divisor of t and 6.
6
Suppose -224*f + 26473 = 4*o - 219*f, -13233 = -2*o - 3*f. What is the greatest common factor of o and 47?
47
Let x = -7067 - -7202. What is the greatest common factor of 35 and x?
5
Let n(o) = -13*o**3 + 9*o**2 - 2*o - 8. Let i be n(-4)